Let k = 1 - c. Let y = -1 - k. Let a(d) = d. Calculate a(y).
-5
Let v(r) = 28*r + 1 - 3*r - 17*r. Let p(i) = i**3 - 2*i**2 + 2*i - 3. Let h be p(2). Calculate v(h).
9
Suppose -5*t = v - 6*v - 10, 3*v = t. Let h(p) = 10*p**2 - 6 - p**t + 0 - 9*p + 1. Let i be h(9). Let r(j) = j**2 + 6*j. Calculate r(i).
-5
Let c(d) be the second derivative of 9*d**5/20 + d**4/12 - d**3/6 - 3*d. Give c(1).
9
Suppose 0*n - 4 = n. Let l(c) = c**2 + 4*c + 1. What is l(n)?
1
Let s = -4 + 1. Let h = -1 + 3. Let t(d) = 6*d**2 - d - 1 - 2*d - 7*d**h. Determine t(s).
-1
Suppose 106 = h + 101. Let u(c) = c - 6. Give u(h).
-1
Let y(w) be the first derivative of -10 + 6*w**3 + 1/2*w**2 + 0*w. What is y(-1)?
17
Let u = 2 - 0. Suppose -2*g - g = -2*k, -4*k = -2*g - 8. Let o(f) = 3 + 0*f - 2*f - k*f**2 + 0 + f**3. Give o(u).
-5
Let h be (-4)/(-14) - (-52)/14. Suppose 13 - 5 = -4*o - 4*l, 4*o - 2*l - 22 = 0. Let s(z) = -z**2 - 5*z - z**2 + 4 + o*z**2. Calculate s(h).
0
Let d(q) be the second derivative of -7*q + 0*q**2 - 1/20*q**5 + 0 + 1/3*q**4 - 2/3*q**3. Calculate d(3).
-3
Let k(n) = 2*n - 3. Let a(i) = i**2 - 5*i + 5. Let x be a(5). Suppose 0 = -x*l - 36 + 1. Let g be 23/l + 2/7. Determine k(g).
-9
Suppose -3*m = 2 - 17. Suppose z + z - 6 = -4*w, 0 = -w - 3*z + 9. Let b(n) = w - 1 + 3*n - n**2 - m*n. Give b(-2).
-1
Let q = -1 - 2. Let p(c) = -c. Let t be p(-2). Let g(m) = -m + 2*m**3 - 3*m**3 - 3*m**2 + m**t + 4*m - 1. What is g(q)?
-1
Let r(m) = m**3 + m**2 + m + 2. Let a be (5/2 - 4)*(-12)/(-9). Give r(a).
-4
Let k(z) = -z**3 + 5*z**2 - 5*z + 2. Suppose -2*h = -3*h + 5. Suppose -10 = h*i, -3*f - 2*f + 25 = -5*i. Give k(f).
5
Suppose -3*t = -2*t. Suppose t = -m + 4*m + 18. Let z(y) = -y**3 - 6*y**2 - 2*y - 5. What is z(m)?
7
Let a(p) = -2*p**2 + 8*p + 2. Suppose -4*h + 3 = -13. Let x be a(h). Let u(v) = v - 1. Give u(x).
1
Let w(x) = 17*x - 1. Let b(t) = -67*t + 4. Let n(a) = 2*b(a) + 9*w(a). What is n(1)?
18
Let p(z) = z + 4. Let s be ((-1)/2)/(1/(-46)). Let m = s - 11. Let h be 3/m - 21/4. What is p(h)?
-1
Suppose 0 = -2*f + u + 12, 2*f - 3*u - 15 = -f. Let p(q) = 2*q - 10. Let s be p(f). Let r(n) = n**2 - 4*n - 2. What is r(s)?
-2
Let x be (1 - 2 - -1) + 5. Suppose -2*v - 3*l + 8 = 2*v, 4 = 2*v - l. Let q(r) = 5*r**v - 3*r**3 - 1 - r**3 + 3*r**3. Determine q(x).
-1
Let p(g) = 3 + 7*g**3 + 8*g**3 - g**3 + g**2 - 3*g - 13*g**3. Calculate p(-3).
-6
Let b = 30 - 29. Let h(s) = -s**2 + 2*s - 1. Calculate h(b).
0
Let g(i) be the third derivative of -i**9/60480 + i**8/6720 + i**7/1680 - i**6/180 + i**5/10 + 7*i**2. Let v(k) be the third derivative of g(k). Calculate v(3).
5
Let f(l) = -5*l**2 - 2*l. Let a(x) = -6*x**2 - 3*x - 1. Suppose 3*s + 2*b + 19 = 0, -4 = -5*b - 14. Let k(w) = s*f(w) + 4*a(w). What is k(5)?
11
Let q(i) = 2*i + 4. Suppose -6 + 18 = 2*u. Let o = 2 - u. What is q(o)?
-4
Let x be 5 + 2/(-2 - 0). Suppose 0 = -2*o + 4 + x. Let v(i) be the third derivative of -i**5/60 + i**4/8 - i**3/6 - 40*i**2. Give v(o).
-5
Let w(x) = -x**2 + 6*x - 4. Let c(j) = -1. Let m(u) = 6*c(u) - w(u). Give m(7).
5
Let a(v) = -v**3 - 4*v**2 - v - 5. Suppose 0 = -5*p - 0 + 15. Suppose -5*o = 2*k + 17, k - p*o = 5*k - 1. Suppose 2*f - f = -k. What is a(f)?
-1
Let d(n) be the first derivative of 2*n - 5*n - n**2 + 4 + 0*n - 4*n**2. Calculate d(-2).
17
Let r(j) = -j**2 + 3*j - 2. Suppose o + 3*k + 9 = -2*o, -2*o = 5*k + 21. Determine r(o).
0
Let n(w) be the first derivative of -2*w - 2/3*w**3 + 3 - w**2. Let a(g) be the first derivative of n(g). Determine a(2).
-10
Let a(r) = 5*r**2 + 7*r - 9. Let p(h) = 14*h**2 + 20*h - 26. Let k(u) = -11*a(u) + 4*p(u). What is k(-4)?
-1
Let s(l) be the first derivative of -l**3/3 - l**2 + 3*l - 5. Determine s(-4).
-5
Let j(k) = k**2 + 6*k - 4. Suppose -24 = 2*w + 2*w. Calculate j(w).
-4
Let t(q) = q**2 + 5*q + 6. Let a be t(-4). Let r(g) = 0 - a + 5 + 2 - 2*g. Let p = 13 + -8. Calculate r(p).
-5
Suppose 0*s - 2*s = -3*r + 17, s - 8 = -4*r. Let o be (6 + -2)*(-2)/(-8). Let d(y) = -2 + 6 - o - y**2. Calculate d(s).
-13
Let a(b) = -2*b**3 + b**2 + 2*b - 3. Let w = 8 + -12. Let d(i) = -i**2 - 5*i - 2. Let l be d(w). Calculate a(l).
-11
Let x(m) = -2*m - 4 - 4 - 2. Calculate x(-7).
4
Let x(z) = -3*z**2 + 1. Let a be (-12)/(-7) + (-4)/(-14). Let j(y) = y**2 - 4*y + 3. Let b be j(a). Calculate x(b).
-2
Let c(m) = 7*m + 35 - 32 - 3*m. Give c(-4).
-13
Let v(q) be the third derivative of q**6/60 - q**5/60 - q**4/8 + q**3/3 - q**2. Suppose -74 + 82 = 4*t. Determine v(t).
8
Let x(h) = -h**3 - 2*h**2 - 3. Let g(j) = j**3 + 2*j**2 - j + 4. Let w(l) = -2*g(l) - 3*x(l). Let s be -5*1*(-2)/(-5). Calculate w(s).
-3
Let p(q) = 11*q - 8. Let n(v) = -4*v + 3. Let c(t) = 8*n(t) + 3*p(t). Give c(-1).
-1
Let o(z) be the third derivative of z**4/24 + z**3/6 - 2*z**2. Let b(g) be the second derivative of g**3 + 2*g**2 + g. Let u(h) = -b(h) + 2*o(h). Give u(-3).
10
Let m(p) = 3*p. Let t be 5/(-4) + 6/(-8). Let r be -2 + 9/(-6)*t. What is m(r)?
3
Let w(x) = x + 1. Let o(n) = n + 2 + 7*n - 4 - n. Let d(p) = -o(p) - w(p). What is d(1)?
-7
Let h(f) = -17*f + 8. Let n(q) = -11*q + 5. Let l(w) = 5*h(w) - 8*n(w). Calculate l(4).
12
Let t(l) = -163 - 9*l**2 + 177 + 0*l**2 + l**3 - 12*l. Determine t(10).
-6
Let z(b) = 11*b**2 - 1 + 0 - 5*b**2 + 6*b. Let h(o) = -13*o**2 - 13*o + 2. Let i(x) = 4*h(x) + 9*z(x). Determine i(1).
3
Let i(y) = -y**3 + 6*y**2 + 7*y. Let n be i(7). Suppose b - 3*m = 4 - 0, n = 4*m. Let o(s) = 10*s - 8*s - 7*s + b. Determine o(3).
-11
Let z(h) = -2*h - 9. Let o be z(-6). Let x = -9 + o. Let i be x/(-8) - (-6)/(-8). Let n(b) = b**2 + 7. What is n(i)?
7
Let d(o) = 79*o - o**2 - 1 - 79*o. Calculate d(1).
-2
Let g(u) be the third derivative of u**6/120 + u**5/60 - u**3 - 6*u**2. What is g(0)?
-6
Suppose -5*s + 21 = -3*j, s = -s + 2*j + 6. Let y be (s/(-10))/(7/35). Let u(c) = -c**3 - 4*c**2 + 4. Determine u(y).
-5
Let w be (-768)/(-144) - ((-4)/6 - 0). Let l(j) = j**2 - 7*j + 1. What is l(w)?
-5
Let j(d) = 3*d. Suppose -2 = -2*f + 4, 5*v + 3*f + 11 = 0. Calculate j(v).
-12
Let w(l) = -3*l + 6. Let q(j) = 7*j - 12. Let f(c) = -4*q(c) - 9*w(c). Calculate f(-6).
0
Suppose 0 = -4*n + 3*b - 24, n + 5*b = 6*b - 6. Let h(a) = a**2 + 9*a + 6. Determine h(n).
-12
Suppose 3*t + 4*i + 9 = -1, 6 = t - i. Suppose t*d - 5 = -3. Let z(j) = 5*j + 1. What is z(d)?
6
Suppose 14 = 2*l - 2*g, 0 = -4*l - 4*g - 8 - 4. Suppose z + l = -0*z + 2*d, 0 = -4*d + 8. Let b(x) = x + x**z + 0*x**2 + 0*x**2 + 8. What is b(0)?
8
Let s(y) = y**2 + 3*y + 2. Let d(n) = -4*n**2. Let i be d(-1). Calculate s(i).
6
Suppose 12 = 3*g - 0*g. Let h(p) be the second derivative of 0 - 2*p**2 + p**3 - 1/12*p**4 + p. Determine h(g).
4
Let k(m) = -2*m - 1437*m**2 + 1425*m**2 + 3*m. Give k(-1).
-13
Let v(t) = -t**3 - 5*t**2 + 5. Let z(h) = -2*h**3 - 10*h**2 + h + 10. Let k(m) = -9*v(m) + 4*z(m). Suppose -3*j = -4*c, 4*j - 2*c = -3 - 7. Determine k(j).
-5
Let h(l) be the second derivative of -l**5/20 - 7*l**4/12 - 7*l**3/6 - 4*l**2 + 5*l + 5. What is h(-6)?
-2
Suppose -3*y + 16 = y. Let a = y + -1. Let m(h) = -17*h + 6 - 5*h**2 - a*h**3 + 16*h + 2*h**3. What is m(-5)?
11
Let z(v) be the third derivative of -v**4/12 + v**3/3 + 2*v**2. Suppose 0 = 2*m + 2*h - 14, -8 - 18 = -3*m - 4*h. Determine z(m).
-2
Suppose m = -0*m - n, 3*m - n - 8 = 0. Suppose 1 = -c - 4, -4*x - 3*c - 7 = 0. Let q(t) = t**3 - t**x + 0*t**2 - 3 - 3*t**m - 4*t. Determine q(5).
2
Let z(i) = 9 - 2*i + 3 - 8. Calculate z(5).
-6
Let l(p) = 2*p - 4. Let a be (-4)/16 - 63/(-12). Calculate l(a).
6
Let h(g) = g + 2. Let d = -18 + 12. Determine h(d).
-4
Let k(c) = -c + 7. Let s(p) be the third derivative of p**5/60 - 5*p**4/24 - 4*p**3/3 - 3*p**2. Let h be s(7). What is k(h)?
1
Let z(u) = -u**2 - 2*u. Let k be z(-2). Let g(y) be the first derivative of y**2/2 + 6*y + 1. Calculate g(k).
6
Let x be 0/(4 - 3 - 3). Let m(r) = 7 - 6*r + 5*r**2 + 3*r - r**3 + x*r. Give m(5).
-8
Let o(n) = -50*n - 48*n + 90*n + n**2 + 4. What is o(5)?
-11
Let i(p) = 4*p**2 - 8*p - 3. Let x(q) = 7*q**2 - 14*q - 5. Let n(z) = -5*i(z) + 3*x(z). Determine n(3).
3
Let z(w) = -7*w**3 - w**2 + 1. Suppose -2*p + 4*p = -2. Calculate z(p).
7
Let k(a) = -a**3 + 2*a + 1. Let m be 1 + -2 + 10 + -2. Suppose -4*h = 5*f, -8 = 3*h + m. Suppose r + 2*w = -5, -w - 5 = -r - f. What is k(r)?
0
Let h